21. List the prime factors of j(8).
19
Let y(z) = -3*z - 4. Let d(m) = m + 1. Let p(x) = 4*d(x) + y(x). Let k be p(-6). Let c = -2 - k. What are the prime factors of c?
2
Let b = -12 - -64. What are the prime factors of b?
2, 13
Let a(z) = -z**3 + 2*z**2 - z - 2. Let b(g) = g**2 - 4*g + 2. Let x be b(2). What are the prime factors of a(x)?
2
Let i be 3 + 0 - (3 - 82). Suppose 0 = -3*g + 29 + i. What are the prime factors of g?
37
Let l(x) = 23*x - 1. Let o be l(1). Suppose 3*r - d = r + 44, 0 = r - 5*d - o. List the prime factors of r.
2, 11
Suppose a - 2*a + 44 = 5*z, z = 4*a - 260. Let s = -37 + a. Suppose 2*t - s + 9 = 0. What are the prime factors of t?
3
What are the prime factors of -2 + 3 - 2/(-1)?
3
Let b = 63 + -100. Let n = b - -55. What are the prime factors of n?
2, 3
Suppose -5*a + s + 36 = 0, 2*a - 10 = -2*s - 2*s. Suppose 5*k - a = 3. Suppose -33 = -k*r + 3. What are the prime factors of r?
2, 3
Suppose -1 - 3 = -2*o. Suppose 112 = 2*s + o*s. What are the prime factors of (s - 1)*(-3)/(-9)?
3
Let v = 6 - 3. Suppose 0 = -4*t + v*h - 63 - 15, 0 = -5*t + 5*h - 100. Let f = t + 26. List the prime factors of f.
2
Suppose 2*o + 3 = -o + g, 4*o + g - 3 = 0. Suppose o = 2*l - 7*l + 35. Suppose -2*b = -l*b + 40. What are the prime factors of b?
2
Let t(c) = -c**3 + 9*c**2 + 7*c - 14. List the prime factors of t(7).
7, 19
Let q be (-2)/(-8) + (-252)/(-16). Let c = q + -8. List the prime factors of c.
2
List the prime factors of 4 + -1 + 3 + 151.
157
Let q(x) = -21*x - 2. Let j be q(-2). Suppose 0*p - 4*p = -j. List the prime factors of p.
2, 5
Let h(n) = n - 1. Let f = 7 + -9. Let w be h(f). Let s(k) = -2*k**3 - 3*k**2 + 3*k - 3. List the prime factors of s(w).
3, 5
Suppose 5*t - 7 - 8 = 0. Suppose -s + 95 = t*p, -45 = 2*p - 3*p - 3*s. What are the prime factors of p?
2, 3, 5
Let d(v) = 0*v + 0 - v + 1 - 6*v. What are the prime factors of d(-1)?
2
Let p(m) = -m**2 + 7*m - 4. Let t(u) = 2*u - 5. Let q be t(6). Let h be p(q). What are the prime factors of (-6)/9*(h - 2)?
2
Let u(s) = s**3 + 7*s**2 + 5*s - 2. Suppose -24 = 4*b - 0*b. What are the prime factors of u(b)?
2
List the prime factors of 882/24 + 1/4.
37
Let k(x) = 2*x**2 - 4*x + 18 - 5*x**2 + 2*x**2 + 3*x. List the prime factors of k(0).
2, 3
Suppose -v - 14 = -44. What are the prime factors of v - 2*4/(-8)?
31
Let z(g) = g**3 - 6*g**2 + 3*g - 3. What are the prime factors of z(6)?
3, 5
Suppose -2*z = -1 - 3. What are the prime factors of z?
2
Suppose -b + 3*b + 6 = 0. Let j be b + 19 - (-1 - 2). Suppose 13 = 4*m - j. What are the prime factors of m?
2
Let r be 2 + -1 + 2 + 1. Let s = r + 6. List the prime factors of s.
2, 5
Let x(v) = -v**3 + 8*v**2 + 7*v + 5. Suppose -3*p = -o, -o + 24 = -2*p + 7*p. Let h be x(o). Let t = 22 + h. What are the prime factors of t?
3
Suppose 0 = -3*p - 0*p + 9. Suppose -3*j + 2*r = -13, 5*j - 15 = 2*j + p*r. Suppose j*h + 7 = 4*h. What are the prime factors of h?
7
Let m be 4*4/48*-33. What are the prime factors of (-11)/m + 2*9?
19
Let q = 0 + 2. Suppose q*j - 6 = -j. Suppose j*w + 4*b - 2 = 28, -33 = -5*w + 4*b. List the prime factors of w.
3
Let m(s) = -s**2 - 8*s - 8. Let o be m(-6). What are the prime factors of ((-13)/o)/(4/(-16))?
13
List the prime factors of (4 + -6)*(-25)/2.
5
Let o(i) = i**2 - i - 4. Let j(n) = 2*n**2 + 2*n - 1. Let k be j(-2). Let h be o(k). Suppose -12 = -q - h*q. What are the prime factors of q?
2
Let c(p) = -p**2 + 10*p - 9. Let x be c(9). Suppose -3*l = -x*b - b + 12, 2*l = -b + 7. List the prime factors of b.
3
Suppose -12 = -2*v + 8. Let o = v - -5. List the prime factors of o.
3, 5
List the prime factors of 5 + 17 + 3/1.
5
Suppose -4*u + 32 = -3*w, 4*u - w - 32 = -0*u. Suppose 4*y = 32 + u. What are the prime factors of y?
2, 5
Let w be (-14)/(-49) + 65/(-7). Let d(r) = r**2 + r - 1. Let m(n) = 3*n**2 - 2*n + 8. Let g(q) = 4*d(q) - m(q). List the prime factors of g(w).
3, 5
Let j = -1 + 5. Suppose -x + 10 = -6*x, v + x = j. What are the prime factors of v?
2, 3
What are the prime factors of (-4 - -4) + (-436)/(-2)?
2, 109
Suppose 5*h - 117 = -3*q, -4*q + 3*h - h + 156 = 0. List the prime factors of q.
3, 13
Let o be ((-1)/(-2))/((-1)/18). Let s = o - -29. List the prime factors of s.
2, 5
Let k(s) = -s**2 + s + 3. Let l be k(0). Suppose 15 - 39 = -l*c. What are the prime factors of c?
2
Let w = -3 + 4. Suppose 0 = -5*d + w + 9. Let b = 7 - d. What are the prime factors of b?
5
Let h = 13 + -25. Let u = 8 - h. List the prime factors of u.
2, 5
Suppose m - 12 = y + 4*m, 0 = 5*m - 5. Let h = y - -28. List the prime factors of h.
13
Suppose -3*g + v - 66 = -0*v, -3*g = 4*v + 51. Let m be g/(-2) - 3/6. Suppose -2*r + 10 = -m. List the prime factors of r.
2, 5
Let y(j) be the first derivative of 14*j**3/3 + j**2 - j + 1. List the prime factors of y(1).
3, 5
Let p be (-1)/((-2 - -1)/(-6)). List the prime factors of (0 + 51/p)*-2.
17
Let c(f) = f. Let w(r) = 9*r - 6. Let d(o) = -19*o + 13. Let q(n) = 2*d(n) + 5*w(n). Let h(u) = -4*c(u) + q(u). List the prime factors of h(3).
5
Let x be (-1)/(-4)*1*508. Let a = x + -79. List the prime factors of a.
2, 3
Let a = 11 + 28. What are the prime factors of -1*(2 + a/(-3))?
11
Let h(z) = 2*z - 2. Let n be h(3). What are the prime factors of ((-3)/n)/(3/(-48))?
2, 3
Suppose 43 = -3*a - 11. Let k be 1/(-3) + (-150)/a. Suppose -m + k = m. List the prime factors of m.
2
Let m(p) = -p**3 - p**2 + 2*p + 3. Let r be m(-2). Suppose -r*n - 1 = 53. Let u = n - -32. List the prime factors of u.
2, 7
Let b = 6 - 5. Suppose 3*s - 15 = 0, -4*k - 2*s + b = -17. Suppose x - 5*d = 6*x - 25, -x + 5 = k*d. List the prime factors of x.
5
Let y(b) = -b**3 - b**2 + 2*b + 2. Let z = -7 - -7. Suppose z = 4*j + 12. List the prime factors of y(j).
2, 7
Let x(z) = 2*z**2 - 23*z + 1. List the prime factors of x(14).
71
Let f = 48 - 15. What are the prime factors of f?
3, 11
Suppose 4 + 2 = -2*y. What are the prime factors of (8/5)/(y/(-15))?
2
Let n be (-45 + -1)*(-3)/6. Let b = n + 4. List the prime factors of b.
3
Let o = 18 - 11. Let n = o + -2. Suppose -10 = -n*f + 2*y + 9, 5*f + 4*y - 7 = 0. List the prime factors of f.
3
Let c = 18 - 5. What are the prime factors of c?
13
Let h(o) = -o + 93. What are the prime factors of h(-10)?
103
Let z(k) = -k**2 - 12*k**3 + 4*k + 5*k + 1 - 9*k. List the prime factors of z(-1).
2, 3
Let j(c) be the second derivative of c**5/20 + 7*c**4/12 + c**3/6 - 3*c**2/2 + 3*c. What are the prime factors of j(-6)?
3
Suppose -h + i + 3*i = 6, 0 = -h + 3*i - 2. Suppose 2*b = -3*b - h. List the prime factors of (27/(-6) - 0)*b.
3
Let n(o) = o**2 - 14*o + 41. What are the prime factors of n(18)?
113
Suppose 2*s - 25 = 5*k + 21, -3*s - 16 = k. Let j be (-14 - -17)*5/(-3). Let w = j - k. What are the prime factors of w?
5
Let o(b) = -5*b - 4. Suppose 4*g - 5*m + 14 + 13 = 0, -4*g - 5*m + 3 = 0. What are the prime factors of o(g)?
11
Let h(k) be the first derivative of 2 + 7/3*k**3 + 1/4*k**4 + 3*k + 0*k**2. List the prime factors of h(-7).
3
Suppose -3*b = -4 - 5. Suppose 12 = u + b*u. Suppose y - 4*k + 26 = u*y, -10 = -2*y + 4*k. List the prime factors of y.
3
Let a(u) = -u**2 - 11*u - 10. Let v(l) = -l**3 + 8*l**2 + 10*l - 11. Let p be v(9). Let y be p/8 - 140/16. What are the prime factors of a(y)?
2
Let n(q) = -q**2 - q + 2. Let t be n(-3). List the prime factors of 235/25 - t/(-10).
3
What are the prime factors of 26*(18/4 + -3)?
3, 13
Let n = -1 - -4. Suppose -n = m - 0*m. Let k = m + 12. What are the prime factors of k?
3
Let r(o) = -2*o**2 + 7*o + 8. Let x be r(8). What are the prime factors of 30/4*x/(-24)?
2, 5
Let t = -1 - -9. Let p(o) = o + 5 + 3*o - 9 - 8. What are the prime factors of p(t)?
2, 5
Let d be (6/8)/((-11)/220). Let r(u) = -u**2 - 18*u - 12. List the prime factors of r(d).
3, 11
Let r(p) = 2*p**2 - 19*p - 10. List the prime factors of r(14).
2, 29
Suppose -3*q + 39 = -4*z - 0*z, z = -5*q - 4. Let c(u) = u**2 + 2*u - 9. Let i be c(z). Suppose 2*w = 4*h + 18, -4*w - 11 + i = -h. List the prime factors of w.
11
Suppose 92 + 78 = 2*r. What are the prime factors of r?
5, 17
Let i(l) = 10*l**2 + 3*l + 2. Let m be i(-2). Suppose m = 6*a - 5*a. What are the prime factors of a?
2, 3
Let g be 1 + 1/(-2)*-2. Suppose -2*t + 3*w = -0 + 3, -3 = t - 3*w. Suppose -n = -t*